8). What is the greatest common divisor of x and 460?
20
Suppose 0 = 4*b - 5*d - 120, -4*b - d + 14 = -130. Let g(z) = -2*z**3 + 70*z**2 - 2*z + 83. Let o be g(b). What is the greatest common factor of 429 and o?
13
Suppose -2*u + 115 = -4*h - 131, -2*h = -4*u + 462. Suppose 3*r - u = 5*c, 162 = 4*r - 2*c + c. What is the highest common factor of 328 and r?
41
Suppose 16*o = 1502 + 930. What is the highest common factor of 722 and o?
38
Suppose -73*m + 4447 + 20957 = 0. What is the highest common factor of m and 435?
87
Let g(j) = -j**3 + j**2 + 4*j + 5. Let s be g(0). Suppose -5*m = 4*a - 520, -a = s*m - 79 - 36. What is the greatest common factor of a and 15?
15
Suppose -11*x - 23*x + 6475 = 3*x. What is the greatest common factor of 7 and x?
7
Suppose 1783*a - 1777*a = 756. Calculate the highest common divisor of a and 693.
63
Suppose -4*v = 9*g - 6*g - 12, -5 = -g - v. Suppose 184 = g*j + 160. Calculate the highest common divisor of 39 and j.
3
Let o(c) = c**2 + 15*c + 4. Let g = -55 + 43. Let s be o(g). Let b be ((-90)/(-40))/((-67)/s + -2). Calculate the highest common factor of b and 96.
24
Let f be (-2)/5 - (-282)/5. Let y = -587 + 677. Let x be 6320/y + 2/(-9). What is the greatest common divisor of f and x?
14
Let s = -65 - -97. Let t be (s/12 - -4)*(-18)/(-15). Calculate the highest common factor of t and 14.
2
Suppose 35 = 4*m - 2*d - 37, -d = 4*m - 84. Suppose 54 = m*b - 11*b. What is the greatest common factor of 27 and b?
3
Let r = -26808 - -28767. Calculate the highest common divisor of 9 and r.
3
Let l = 14 - -15. Let m = 1463 + -564. Calculate the greatest common factor of m and l.
29
Let f(i) = 37*i**2 + 258*i - 3. Let j be f(-7). Calculate the highest common factor of j and 212.
4
Let f = 30 - 34. Let n be (f + 27/6)*0. Suppose -4*p + 5 = -5*j, -3*p + 30 = 5*j - n*j. Calculate the highest common factor of p and 5.
5
Let w = 31 - 256. Let p = w - -240. Calculate the greatest common divisor of p and 120.
15
Let h(j) = j**3 - 2*j**2 - j + 4. Let z be h(3). Let o be 44*4/88*(11 - (-3 + 5)). Calculate the highest common factor of o and z.
2
Suppose 4*v = 3*c - 516, 5*v - 268 = -253. Suppose -330 = 11*m - 14*m. Calculate the greatest common factor of c and m.
22
Suppose 2*u = g + 94, 3*u - 10*g = -11*g + 146. What is the highest common divisor of 1500 and u?
12
Suppose -11*d - 226 - 71 = 0. Let j = d - -35. Calculate the greatest common divisor of 152 and j.
8
Let c(y) = -10*y - 45. Let r be c(-5). Suppose 0 = 6*o - r*o - 37. Let b = o + -27. What is the highest common divisor of b and 20?
10
Let v(l) = 17*l - 30. Let s(w) = -w + 2. Let r(p) = -4*s(p) - v(p). Let t be r(-11). What is the highest common factor of 66 and t?
33
Suppose 6*f - 368368 = -98*f. Calculate the greatest common divisor of f and 154.
154
Suppose 119*u = 120*u - 2. Let a be ((-5)/u)/((-3815)/(-1274) + -3). What is the highest common divisor of 35 and a?
35
Suppose 2*d = -0*m - 2*m + 2654, -3*d - 2669 = -2*m. Suppose -11*w = -w - m. Calculate the highest common divisor of 28 and w.
7
Suppose 4*h = 6*h - 4. Let v be 7/h*4/7. Suppose -2*j - 5*w = -55, -v*j + 22 = -j - 3*w. Calculate the highest common factor of 100 and j.
25
Suppose 0 = -58*r + 55*r + 5*d + 2554, 2*d - 3440 = -4*r. Let c = -836 + r. Calculate the greatest common divisor of c and 44.
22
Suppose -5080 = c + 4. Let n be ((-2)/8)/(41/c). Calculate the greatest common factor of n and 372.
31
Let q be (-3)/((-3)/(-5))*(-2079)/(-45). Let s = q - -471. What is the highest common divisor of s and 48?
48
Let p = -4629 - -4645. What is the highest common divisor of 112 and p?
16
Let x(i) = -577*i**3 - 14*i**2 + 7*i - 15. Let v be x(-4). What is the highest common divisor of 122 and v?
61
Let o(w) = -4*w - 28. Let j be o(-11). Suppose -3*v = 4*y - 8*v - 24, v + 3 = -y. Let m be (-12)/(-9)*6*y. What is the highest common factor of m and j?
8
Let q(n) = 4*n**3 - n**2 + n - 1. Let r be q(6). Suppose 3856 - 4248 = -8*m. Calculate the greatest common factor of r and m.
49
Let b be 13 - (26/10 - 3/5). Suppose 0 = -b*t - 6*t + 5083. What is the highest common divisor of t and 13?
13
Let h = -128 + 265. Let r = -136 + h. What is the greatest common factor of 11 and r?
1
Suppose -c = v + 1, -794 = c - 3*v - 821. Suppose 0 = 3*p - 744 + 294. Calculate the greatest common factor of p and c.
6
Suppose -2*i = 1 - 3. Let u(v) = 2*v**3 + 38*v**2 - 180*v - 15. Let z be u(4). What is the highest common factor of i and z?
1
Let v be (-2728)/(-99)*(-15)/20*-75. What is the greatest common factor of 200 and v?
50
Suppose n = -20 + 14. Let k be 4/n*2430/(-12). Calculate the greatest common factor of k and 5.
5
Let k be ((-7)/((-84)/(-228)))/(-1). Calculate the highest common divisor of 551 and k.
19
Let l be (10 - -16) + 73 - 15. What is the greatest common factor of l and 2388?
12
Let w be (-870)/(-50) - 3/(-5). Let r(i) = -i**2 + 7*i + 5. Let h be r(7). Suppose 18 = -3*f + h*f. What is the highest common factor of f and w?
9
Suppose -x - 154 = -160. Suppose x*q = 2 + 64. Calculate the highest common factor of 11 and q.
11
Let v = -6 + 19. Let u = 11821 - 11522. Calculate the highest common factor of v and u.
13
Let g(r) = r**3 + 4*r**2 - 5*r. Let l be g(-5). Let j(t) = t**2 + 5*t + 245. Let n be j(l). Calculate the greatest common factor of n and 49.
49
Suppose -w = 5, -2*w - 475 = -6*f + 3*f. Let g be (-3)/((-252)/124 + 2). What is the highest common factor of g and f?
31
Let k(v) = v**2 - 9*v + 16. Let p be k(7). Let d be ((-18)/12 + 0 + p)*2. Let t be 1 - d/((-15)/(-4) - 4). Calculate the highest common factor of 65 and t.
5
Let m = 50 + -46. Let n be (m/5)/((-1083)/(-270) - 4). Calculate the greatest common divisor of n and 48.
24
Let v(b) = 14*b - 10*b + b**2 + 17 - 10*b. Let f be v(4). Let n(a) = a**2 - 6*a - 12. Let x be n(f). Calculate the highest common factor of x and 15.
15
Let m = -34 - -61. Suppose 2*n = n - 6*n. Suppose -r + 1 = 3, 3*y - 2*r - 13 = n. Calculate the highest common factor of y and m.
3
Let y(n) = 10*n + 34 - 16 - 31 + 82 + 74. Let o be y(-13). What is the greatest common factor of o and 3?
1
Let h(b) = 35*b**3 + b**2 - 16*b + 16. Let s be h(1). Suppose 411 = -s*z + 3003. Calculate the greatest common factor of z and 1152.
72
Let o be 32/(-56) - 18/(-7) - -1. Let u = 66 - 14. Suppose 4*m - u = -4*c, -4*m + 6*c = o*c - 45. What is the greatest common factor of 84 and m?
12
Suppose -1223 = -6*t - 155. Let z = 236 - t. Calculate the greatest common factor of 58 and z.
58
Suppose -4 = -3*i - i. Suppose -i = -2*x + 59. Let q(z) = -91*z - 16987. Let g be q(-187). Calculate the greatest common factor of g and x.
30
Suppose 20 = -4*v - 4. Let j = 7 - v. What is the greatest common divisor of 4 and j?
1
Let d be (-5 - 4)*(-1400)/150. Calculate the greatest common factor of d and 1068.
12
Let j = 8 + 24. Let s = j - 22. Let c = 94495 + -94460. What is the highest common divisor of c and s?
5
Let n = -246 - -420. Let q(w) = -2*w**3 + 10*w**2 - 13*w + 69. Let r be q(5). Suppose r*l = -2*l + n. What is the highest common factor of l and 145?
29
Let j = -34 - -60. Let a(s) = s**3 + 6*s**2 - 8*s - 2. Let l be a(-7). Suppose -l*i + 307 = -4*f - 351, -8 = 4*f. What is the greatest common factor of j and i?
26
Suppose 48*x - 113*x + 53*x = -336. What is the highest common factor of 2982 and x?
14
Let c(a) = a**3 - 3*a**2 + 9*a - 6. Let x be c(6). Let b = x - 65. Suppose t - 2*t + 13 = 3*v, -2*t + v = -26. Calculate the highest common factor of b and t.
13
Let w be 128*4/(-4)*-2. What is the greatest common factor of 576 and w?
64
Let o(i) = -i**3 + 16*i**2 + 4*i + 13. Let h = -166 - -182. Let j be o(h). What is the highest common factor of 22 and j?
11
Suppose 110 + 38 = -4*x. Let h(s) = -2*s**3 + 22*s**2 - 14*s + 10. Let q be h(10). Let y = q + x. Calculate the greatest common factor of y and 44.
11
Suppose -2*m + 0*m - 89 = -c, 5*c - 3*m = 410. Suppose 0 = 80*w - c*w - 45. Calculate the greatest common factor of w and 5.
5
Let c = -1110 - -597. Let r = c + 520. Calculate the greatest common divisor of r and 301.
7
Let l(g) = -g**2 - 26*g - 18. Let x be l(-25). Suppose -4*u - x = 2*n - 11, 3*n - 4 = -4*u. Calculate the highest common factor of 2 and u.
1
Suppose -s - j + 79 = 4*s, 3*s + j = 49. Let g = 95 + -2